Dec 02 00:40:34.967 INFO testing andrewf/tellurium against master#8940af3cea4a9a9deabcaf843b2f8cad9a83fc61 for beta-1.31-5
Dec 02 00:40:34.967 INFO running `"docker" "create" "-v" "/mnt/big/crater/work/local/target-dirs/beta-1.31-5/worker-6/master#8940af3cea4a9a9deabcaf843b2f8cad9a83fc61:/target:rw,Z" "-v" "/mnt/big/crater/work/local/test-source/worker-6/beta-1.31-5/master#8940af3cea4a9a9deabcaf843b2f8cad9a83fc61:/source:ro,Z" "-v" "/mnt/big/crater/work/local/cargo-home:/cargo-home:ro,Z" "-v" "/mnt/big/crater/work/local/rustup-home:/rustup-home:ro,Z" "-e" "USER_ID=1000" "-e" "SOURCE_DIR=/source" "-e" "USER_ID=1000" "-e" "CMD=cargo +8940af3cea4a9a9deabcaf843b2f8cad9a83fc61-alt build --frozen" "-e" "CARGO_TARGET_DIR=/target" "-e" "CARGO_INCREMENTAL=0" "-e" "RUST_BACKTRACE=full" "-e" "RUSTFLAGS=--cap-lints=warn" "-e" "CARGO_HOME=/cargo-home" "-e" "RUSTUP_HOME=/rustup-home" "-m" "1536M" "--network" "none" "crater"`
Dec 02 00:40:35.169 INFO [stdout] 5d3e21155f1333fe7cac4f27151bbb3a1abaab5d6e2b32fbb625a8e5a5e76c0b
Dec 02 00:40:35.171 INFO running `"docker" "start" "-a" "5d3e21155f1333fe7cac4f27151bbb3a1abaab5d6e2b32fbb625a8e5a5e76c0b"`
Dec 02 00:40:36.009 INFO [stderr] usermod: no changes
Dec 02 00:40:36.086 INFO [stderr]    Compiling num-complex v0.1.38
Dec 02 00:40:36.086 INFO [stderr]    Compiling num-bigint v0.1.39
Dec 02 00:40:37.996 INFO [stderr]    Compiling num-rational v0.1.38
Dec 02 00:40:39.499 INFO [stderr]    Compiling num v0.1.39
Dec 02 00:40:39.975 INFO [stderr]    Compiling tellurium v0.0.1 (/source)
Dec 02 00:40:41.036 INFO [stderr] error[E0554]: #![feature] may not be used on the beta release channel
Dec 02 00:40:41.036 INFO [stderr]  --> src/main.rs:1:1
Dec 02 00:40:41.036 INFO [stderr]   |
Dec 02 00:40:41.036 INFO [stderr] 1 | #![feature(box_syntax)]
Dec 02 00:40:41.036 INFO [stderr]   | ^^^^^^^^^^^^^^^^^^^^^^^
Dec 02 00:40:41.036 INFO [stderr] 
Dec 02 00:40:41.036 INFO [stderr] error[E0554]: #![feature] may not be used on the beta release channel
Dec 02 00:40:41.036 INFO [stderr]  --> src/main.rs:2:1
Dec 02 00:40:41.036 INFO [stderr]   |
Dec 02 00:40:41.036 INFO [stderr] 2 | #![feature(box_patterns)]
Dec 02 00:40:41.036 INFO [stderr]   | ^^^^^^^^^^^^^^^^^^^^^^^^^
Dec 02 00:40:41.036 INFO [stderr] 
Dec 02 00:40:41.036 INFO [stderr] error[E0554]: #![feature] may not be used on the beta release channel
Dec 02 00:40:41.036 INFO [stderr]  --> src/main.rs:3:1
Dec 02 00:40:41.036 INFO [stderr]   |
Dec 02 00:40:41.036 INFO [stderr] 3 | #![feature(plugin)]
Dec 02 00:40:41.036 INFO [stderr]   | ^^^^^^^^^^^^^^^^^^^
Dec 02 00:40:41.036 INFO [stderr] 
Dec 02 00:40:41.040 INFO [stderr] error: aborting due to 3 previous errors
Dec 02 00:40:41.041 INFO [stderr] 
Dec 02 00:40:41.041 INFO [stderr] For more information about this error, try `rustc --explain E0554`.
Dec 02 00:40:41.047 INFO [stderr] error: Could not compile `tellurium`.
Dec 02 00:40:41.047 INFO [stderr] 
Dec 02 00:40:41.047 INFO [stderr] To learn more, run the command again with --verbose.
Dec 02 00:40:41.049 INFO [stderr] su: No module specific data is present
Dec 02 00:40:41.322 INFO running `"docker" "inspect" "5d3e21155f1333fe7cac4f27151bbb3a1abaab5d6e2b32fbb625a8e5a5e76c0b"`
Dec 02 00:40:41.420 INFO running `"docker" "rm" "-f" "5d3e21155f1333fe7cac4f27151bbb3a1abaab5d6e2b32fbb625a8e5a5e76c0b"`
Dec 02 00:40:41.523 INFO [stdout] 5d3e21155f1333fe7cac4f27151bbb3a1abaab5d6e2b32fbb625a8e5a5e76c0b
